 be x/3 - 4/(-12). What is the tens digit of r(b)?
1
Let y be (19 + -18)*21*9. Let j = -327 + y. Let u = j - -201. What is the tens digit of u?
6
Suppose -15*p + 478 + 3497 = 0. What is the hundreds digit of p?
2
Suppose 40813 = 44*g - 20347. What is the thousands digit of g?
1
Suppose 7 - 31 = -3*h. Let a(p) = -p + 12. Let s be a(h). What is the tens digit of -1 + 9 + s + -2?
1
What is the hundreds digit of 1 + 428 + 5 + 1?
4
Let v = 990 - 825. What is the tens digit of v?
6
Let k be -12*(((-16)/(-12))/(-4) - 3). Suppose 0 = -2*f - 3*l + k, -f + 3 = -l - 7. What is the tens digit of f?
1
Let w(a) = 17*a**3 + 4*a**2 - a - 10. What is the units digit of w(3)?
2
Suppose 0 = j + 2*j. What is the units digit of 2*((-3)/(-6) - j)?
1
Let c(t) be the first derivative of 19*t**2/2 + 26*t - 3. What is the units digit of c(5)?
1
Let a be 3/(-9) - (336/(-9))/4. Suppose 5*g + 304 = a*g. What is the tens digit of g?
7
Suppose 2*g + m - 10 = -2*m, 1 = -g - 3*m. Let x = g + -9. Suppose -4*n = 5*i - 4*i - 19, 0 = x*i - 4*n - 2. What is the units digit of i?
7
Suppose 0 = 5*j + 3*q - 0*q - 92, -j - 5*q = -36. Suppose -j + 0 = -4*h. Suppose 4*c - a - h*a - 75 = 0, -4*c + 85 = 5*a. What is the units digit of c?
0
Suppose -3*y = -7 - 8. Suppose y*r - 101 - 254 = 0. What is the tens digit of r?
7
Let l be 3*3/(1*(-36)/8). What is the units digit of 161 - 4 - (1 - 0/l)?
6
Suppose 2*o = 2*x + 218, 3*o + 1 - 4 = 0. Let u = -57 - x. What is the units digit of u?
1
Suppose -g - 275 = -5*r + 924, 0 = 5*r - 3*g - 1207. Suppose -4*a - y = -245, -4*a + 3*y = -8*a + r. What is the units digit of a?
2
Let k = 1878 - -415. What is the tens digit of k?
9
Let i be -2 - (3 + (-21 - 0)). Let w be (i/10)/(7/105). Let s = w - 17. What is the units digit of s?
7
Let j = -38 - 13. Let z = 33 - j. What is the units digit of z?
4
Let r = -8 + 24. Let p = r - 12. What is the units digit of ((-2)/4)/(p/(-48))?
6
Let f be (-5)/(65/2) + 8/52. Suppose -193 = -4*a + l, f*a + 3*a = 2*l + 141. What is the units digit of a?
9
Let f(b) = -56*b + 1. Let j be f(-1). What is the tens digit of j/1 + -5 + 7?
5
Suppose -3*m - 3*q + 12 = 0, 0*m - q + 25 = 4*m. What is the units digit of m?
7
Let o(f) = 0 - 2 + 5*f**2 + 11*f - 14*f - 12*f. What is the tens digit of o(-5)?
9
Let a be (-30)/(-9)*(-6)/(-5). Suppose a*f - 4 = 2*f + g, g = f. Suppose 0 = 4*y - 0*y - f. What is the units digit of y?
1
Let d be 17/(-5) + (-9)/15. What is the tens digit of d/5 + (-1928)/(-10)?
9
Suppose 2*b - 116 = 4*q - 2*q, 0 = -b - q + 68. Suppose -2*o + b = -5*j, 4*j - 41 = -2*o + 49. What is the tens digit of o?
3
Let o = -131 - -496. What is the tens digit of o?
6
Let v(o) = o**2 - 6*o - 7. Let c be v(-5). Suppose c = 8*k - 7*k. What is the tens digit of k?
4
Let r(l) be the third derivative of -l**6/10 + l**5/30 + l**4/8 + l**3/3 + 5*l**2. Let t be r(-2). Suppose -4*u + t = u. What is the tens digit of u?
2
Suppose -f + 2*f + 7 = c, -3*c = -f - 11. Let w be c/1 + -1 + 3. Suppose z - 5*z - w*y + 12 = 0, 2*z - 3 = -5*y. What is the units digit of z?
4
Suppose 9 = -v - 8. Let w = v - 27. Let g = -20 - w. What is the tens digit of g?
2
Let s(j) = 7*j - 7. Let b(f) = -8*f + 6. Let k(c) = 6*b(c) + 7*s(c). Let q be k(12). Let m(x) = -9*x**3 - 2*x**2 - x. What is the units digit of m(q)?
8
Suppose -2*w = -w + 62. Let x be 0 - (w + (4 - 2)). What is the units digit of (-2)/7 - x/(-14)?
4
Let c be (6/(-3) - 3 - -3)*-1. Suppose 0 = 5*b + 4*z - 898, -2*z + 29 = c*b - 331. What is the hundreds digit of b?
1
Suppose 0 = -5*l - 6*i + 3*i - 11, -16 = l - 4*i. What is the tens digit of (l/(-6) + (-4128)/36)*-1?
1
Let l(a) = 14*a - 36. What is the tens digit of l(17)?
0
Let r(i) be the first derivative of i**4/12 - i**3/3 - 3*i**2 + 3. Let h(b) be the second derivative of r(b). What is the tens digit of h(8)?
1
Suppose 9*d + 2478 = 16*d. What is the tens digit of d?
5
Suppose -5*o - 4 - 6 = 0. What is the units digit of (-63)/o - 3/6?
1
Let j be 2 - (2/8 - 10/8). Suppose 126 = j*p - 2*p + c, 5*c = 2*p - 231. What is the units digit of p?
3
Suppose -x + n - 13 + 78 = 0, -2*x + 5*n + 142 = 0. Let u = x - 22. What is the tens digit of u?
3
Let k be 0/4 - (1 - 6). Suppose -k*n + 14 = 4. Suppose -5*h + 3*v + 107 = -0*h, n*h - 5*v = 39. What is the tens digit of h?
2
Let z = -3 + 8. Let m = -289 - -425. Suppose g + m = z*g. What is the tens digit of g?
3
Suppose -36*y = -19*y - 7004. What is the tens digit of y?
1
What is the tens digit of ((-12)/42)/(6/(-8106))?
8
What is the hundreds digit of (-17418)/(-42) - (8/(-28) - 0)?
4
Let p be (-1 - 0)/((-1)/2). Suppose 3*d + 10 + p = 0, -20 = 4*u + 2*d. What is the units digit of -66*(u - 20/(-8))?
3
Suppose -5*c - 2192 = 5*p - 7*p, 0 = -2*p + 2*c + 2180. What is the units digit of p?
6
Let p = 17 - 15. Suppose -f = -p*f + 68. Let q = f + -43. What is the units digit of q?
5
Let b = -3 - -28. Suppose -b*v + 170 = -20*v. What is the tens digit of v?
3
Let z(h) = -14*h - 7. Suppose -10*p + 13*p = -39. Let g be z(p). Suppose -5*t + 0*m = -5*m - g, 0 = -3*t + 5*m + 95. What is the units digit of t?
0
Let y(d) = -25*d - 27. What is the units digit of y(-4)?
3
Let y(k) = -k**3 + k**2. Let w be y(2). Let j(z) = -z**3 + 7*z**2 - 7*z + 4. Let t be j(5). What is the tens digit of 1*(w + t - -4)?
1
Let w(o) = -o**3 + 2*o**2 + 3*o - 3. Let x(u) = 2*u**3 - 4*u**2 - 6*u + 6. Let c(i) = -5*w(i) - 3*x(i). What is the units digit of c(2)?
3
Let w be (3/(-3) - -1)/(-2). Suppose m + w = -2, v + m - 21 = 0. Let t = v - 16. What is the units digit of t?
7
Let h(q) = q**3 - 3*q + 9. Let v be 100/24 - (44/(-24) - -2). What is the units digit of h(v)?
1
Let l be (3 - (-26)/2)*-1. Let n be 3/(-12) + (-84)/l. Suppose 0 = -n*x + 10*x - 50. What is the tens digit of x?
1
Let o = -354 - -844. Suppose -2 = -4*f - 2*z, -9 = 2*f - 0*z - z. What is the units digit of (2/f)/((-14)/o)?
5
Suppose 6*u - 2337 = 15. What is the tens digit of u?
9
Suppose -3*p = -q - 2634, -2*p = 9*q - 6*q - 1745. What is the hundreds digit of p?
8
What is the tens digit of ((-688)/64)/(2/(-248))?
3
Let u(n) = -n**2 + 55*n - 47. What is the hundreds digit of u(25)?
7
Let t = 2673 - 109. What is the tens digit of 0 + 2/(-9) - t/(-36)?
7
Suppose -3*u - 13680 = -3*w, -50132 = -11*w + 8*u - 11*u. What is the units digit of w?
8
Let m(o) = -o**3 - 2*o**2 + 3*o + 2. Let x be m(-3). Let h = x + 1. Suppose 0 = -2*q + 4, h*t = -t - 5*q + 82. What is the tens digit of t?
1
Suppose 0 = 5*l + 7*r - 8788 - 3688, -l + 3*r = -2482. What is the units digit of l?
1
Let f be 27*4/(-36)*-15. Let t = 7 + f. What is the tens digit of t?
5
What is the thousands digit of (-21725)/(-5) + 8 + 2/(-2)?
4
Let b(w) = 3*w + 5. Let q(n) = -1. Let g(t) = -3*b(t) - 12*q(t). What is the units digit of g(-5)?
2
Suppose -2*f - 3*y + 393 + 633 = 0, 535 = f - 4*y. What is the units digit of f?
9
Let d(k) = -104*k - 286. What is the hundreds digit of d(-9)?
6
Let p be -3 - 1 - (-9 - -1). Suppose -w + p = w. Suppose -5*l + x = -w*l - 145, 0 = 4*x + 16. What is the units digit of l?
7
Let f(i) = 2*i**3 - 4*i**2 - i + 17. What is the tens digit of f(3)?
3
Let v(a) = -a**2 - 8*a + 13. Let x be v(-9). Suppose -b = 4, x*b - 299 = -5*s + 400. What is the tens digit of s?
4
Let v be 5*(2 + -3)*-1. Suppose 5*k + v*p = -5, -4*k - 5*p - 2 = -2*p. What is the tens digit of (k - 3/(-1)) + 12?
1
Suppose -q + 9 = -8. Let t = -20 + q. What is the tens digit of t + 4 - (-40)/2?
2
Let b = -15 - -17. Let j(y) = -2*y - 4. Let o be j(b). What is the units digit of ((-12)/o)/(3/20)?
0
Let h = 36 + 104. Let c = 219 - h. What is the tens digit of c?
7
Suppose 2997 = 76*d - 67*d. What is the tens digit of d?
3
Suppose -2*s + s + 30 = 4*r, -2*s + 4*r + 36 = 0. Let n be (-6)/(-2) + s/1. Suppose n = 5*z - 0*t + 5*t, -4*z = 5*t - 19. What is the units digit of z?
6
Suppose -2*y - 3*h + 396 = 0, 0*h = 2*y - 4*h - 424. Suppose -2*w + 2*g + y = 0, -4*w - w + g = -514. What is the tens digit of w?
0
Suppose 5*r = -3*l + 2132, r + 5*l = 6*l + 428. What is the hundreds digit of r?
4
Suppose -4222 = -2*a - 5*x, -6354 = -15*a + 12*a + 3*x. What is the tens digit of a?
1
Let t be 0*(0 + 1/(-1)). Suppose 5*l + f - 6 = t, -3*l = -l - 2*f. Let a = l + 4. What is the units digit of a?
5
Suppose -35*j = -25*j - 8000. What is the hu